 Let x be 0/(8*21/56). What is the remainder when l(x) is divided by 7?
1
Suppose 1 = 4*v - o - 19, 3*v + o - 22 = 0. Suppose 2*z + u - 91 = 0, -3*u = 9 + v. Calculate the remainder when z is divided by 20.
8
Let i(o) = o**3 + 63*o**2 - 1464*o - 134. Calculate the remainder when i(-81) is divided by 3.
1
Suppose 316 = 2*t - 2*m, 4*m + 986 - 199 = 5*t. What is the remainder when 1393 is divided by t?
153
Let j be 2/3 - 13/(-3). Suppose -2 = -2*v + 10*g - 7*g, -2*v + j*g = 6. Calculate the remainder when 55 is divided by v.
6
Suppose -18*y - 996 + 1140 = 0. What is the remainder when 2273 is divided by y?
1
Let f(i) = 23*i**3 - 5*i - 4. Let l be f(-1). Let u(r) = 15*r + 1. Calculate the remainder when (-143)/(-5) - l/55 is divided by u(1).
13
Let d = 706 + -250. Calculate the remainder when d is divided by 93.
84
Suppose r - 346 = -4*p, r = -5*p - 218 + 651. Let c(t) = 2*t**2 - 2. Let i be c(-2). Suppose -i*d - 21 = -p. What is the remainder when 86 is divided by d?
9
Let c(v) = -23*v + 22. Let f be c(5). Let k = -79 - f. Calculate the remainder when 44 is divided by k.
2
Let s(a) = -a**2 + 4*a + 1. Let q be s(3). Suppose -92 = -6*k + q*k. Let y = 7 - -6. Calculate the remainder when k is divided by y.
7
Let s(j) = 9 + 17*j**2 - 7*j + 8 - 18 + 11*j**2. Calculate the remainder when 58 is divided by s(1).
18
Suppose 229*q + 7 = 370 + 782. Let j(v) = -v**3 - 4*v**2 - 3*v. Let w be j(-4). Let y = 30 - w. Calculate the remainder when y is divided by q.
3
Suppose -2*p + 3*p = 5*k - 17, -6 = -3*k. Let a(j) = -6*j**2 + 2 + 6*j + 2*j**3 - 1 - 3*j**3 + 0*j**2. Calculate the remainder when 11 is divided by a(p).
3
Let l be 3/(6/18*-9). Let k(x) = -197*x + 5. What is the remainder when k(l) is divided by 7?
6
Suppose 85*z + 1674 = 91*z. Let p = -258 + z. Suppose 0 = -2*v + 31 + 85. What is the remainder when v is divided by p?
16
Suppose -5*o = -106*q + 71*q + 98965, o = 5*q - 14137. What is the remainder when q is divided by 81?
74
Suppose 31 = -0*y + 2*y + 3*c, -c - 51 = -2*y. Let d = y - 14. Let j = 12574 + -12521. Calculate the remainder when j is divided by d.
8
Let h be (-424)/6 - (-25)/15. Let k = 75 + h. Calculate the remainder when k is divided by 2.
0
Let d = 0 - -10. Suppose -3*k + 484 = 4*p, -k - 5*p + 10*p = -155. Let y = -111 + k. Calculate the remainder when y is divided by d.
9
Let y = 81 - 51. Let n = -576 + 630. What is the remainder when n is divided by y?
24
Let l = -104296 - -104299. Let s = 3 - -2. Suppose 37 = 2*u + 4*i + i, s*i - 100 = -5*u. What is the remainder when u is divided by l?
0
Let m(n) = 25*n**2 + 60*n - 52. What is the remainder when m(-5) is divided by 87?
12
Let h(x) = 2*x**3 - 15*x**2 - 8*x - 2. Let u be h(7). Let i = -101 - u. What is the remainder when 11 is divided by i?
5
Let j = -199 + 293. What is the remainder when 250 is divided by j?
62
Suppose -240*f - 1848 = -4*t - 242*f, -t = -2*f - 457. What is the remainder when t is divided by 204?
53
Let b(r) = -17*r + 7. Let f be (2065/5)/7 + 3. What is the remainder when b(-6) is divided by f/217 - (374/(-14) - 1)?
25
Suppose -k + 4*n = -713, -13*k + 2088 = -10*k + 5*n. Calculate the remainder when k is divided by 16.
13
What is the remainder when 130 is divided by (4816/(-336))/(1/(-3))?
1
Let w(b) = 235*b - 2307. What is the remainder when 179 is divided by w(10)?
7
Let h(z) = -6*z - 15. Let d be h(-3). Suppose d*s - 156 = 174. Let y(g) = 6*g**2 - 2*g. Calculate the remainder when s is divided by y(-2).
26
Suppose 2988 - 587 = 7*w. Suppose -6*u - 193 = -w. What is the remainder when 374 is divided by u?
24
Let n(a) = -a**2 - 28*a - 93. Let i be n(-24). Suppose -3*k + 40 = o, -5*o - 22 = -i*k - 168. Calculate the remainder when 91 is divided by o.
29
Suppose -4*q - 337 + 145 = 0. Suppose 5*b = 497 - 152. Let w = q + b. Calculate the remainder when 123 is divided by w.
18
Suppose -2*b + 5*b = -141. Let l = 24 + b. Let n = 40 + l. What is the remainder when 48 is divided by n?
14
Let i(b) = -b**3 + 12*b**2 + 6*b - 39. Let l = 332 - 320. Calculate the remainder when 63 is divided by i(l).
30
Suppose -10*x + 217 = -373. Let i be (26/(-8) - -3)*-4. Calculate the remainder when x is divided by i + -2 - 16/(-1).
14
Let o(f) = -2*f - 90. Let b be o(15). Let a = b - -214. Let k(c) = -19*c. What is the remainder when a is divided by k(-1)?
18
What is the remainder when ((-995756)/(-339))/((-4)/(-6)) is divided by 14?
10
Let m(s) = 33*s - 5339. Calculate the remainder when 91 is divided by m(163).
11
Suppose 0 = -3*f + 9*f - 24. Suppose b + 12 = -2*b + 4*w, 4*w = f*b + 12. Calculate the remainder when 340/(-8)*36/(-10) + b is divided by 31.
29
Suppose 41*i - 1757 = 2835. What is the remainder when 1676 is divided by i?
108
What is the remainder when 263 is divided by (288/(-18) + 18 - 260/(-6))*3?
127
Let i = -17 + 36. Let u(c) = 7*c**2 - 9*c + 25. Let n be u(5). Suppose 0 = 5*j - 4*m - 136 - 597, j = -2*m + n. Calculate the remainder when j is divided by i.
16
Suppose -3*m - j = -0*j - 172, 5*m + 5*j = 300. Suppose 47*x + 108 = 65*x. Calculate the remainder when m is divided by x.
2
Let s(d) = -238*d + 480. What is the remainder when 197 is divided by s(2)?
1
Suppose 2*m = 3*z - 2 - 3, 3*m - 18 = -4*z. Suppose 2*l = q - 13, 13 = 2*q + m*l - 31. What is the remainder when (-3)/(-4)*(2051/21 + 1) is divided by q?
17
Suppose -2275 = -20*w - 215. Suppose w*f - 251 = 102*f. Calculate the remainder when f is divided by 64.
59
Let r(f) = -12*f + 400. What is the remainder when 4199 is divided by r(25)?
99
Suppose 6333 = 25*f - 1017. Calculate the remainder when f is divided by 158.
136
Let s = 79 - 77. Suppose -2*j + 18 = -3*u + u, 0 = -s*j - u + 6. Suppose 67 = j*x - k - 2*k, 0 = 4*x - 5*k - 51. Calculate the remainder when x is divided by 3.
2
Let y(t) = t**3 + 5*t**2 + 10*t - 1. Let g be y(5). Suppose -2*v + 2*l - 7*l + g = 0, 4*v - 643 = -l. What is the remainder when v is divided by 5?
2
Suppose 7949 = 10*o + 249. Suppose 8*f + 2*f = o. What is the remainder when f is divided by 8*1*(-2 + 4)?
13
What is the remainder when 39 is divided by -33*6/(-18) - -2*(-1 + 2)?
0
Suppose 22*d = 5*u + 4521 + 170, -1069 = -5*d + 4*u. Calculate the remainder when 502 is divided by d.
76
Let l(p) = 6091*p**2 - 27*p - 13 - 6092*p**2 - 20. What is the remainder when l(-23) is divided by 24?
11
Let w = 26 - 15. Let q = 76 + -83. Calculate the remainder when (q/((-7)/(-2)))/((-2)/41) is divided by w.
8
Let o(a) = a**2 - 9*a + 14. Suppose -4*q + 11*q - 84 = 0. Let s = q + 9. What is the remainder when o(11) is divided by s?
15
Let h(l) = 10*l**3 + 43*l**2 - 155*l. What is the remainder when h(4) is divided by 245?
218
Let u = 99 - 70. Let k be (45 - 3)/((-13)/(260/(-30))). Suppose -u*c + 15 = -k*c. What is the remainder when 41 is divided by c?
11
Suppose 3*o - o = 58. Let t = 15492 + -15482. What is the remainder when o is divided by t?
9
Suppose 40 - 176 = -3*b + 4*d, 5*b - 196 = -d. Suppose b = -l + 50. Suppose 0 = -9*w + l*w - 14. Calculate the remainder when 55 is divided by w.
13
Let h(m) = -2*m + 52. Let b be h(12). Suppose -b = -8*c + 4*c. Let l(s) = s**2 - 4*s - 7. Calculate the remainder when 109 is divided by l(c).
11
Suppose -5*w + 7 + 18 = 0. Suppose -4*t + 2*h - 3*h = -54, -t + 3*h + 20 = 0. What is the remainder when t is divided by 3/((1 - w) + (-385)/(-88))?
6
Let h(p) = -4*p - 35. Let m be h(-10). Suppose 4 = -m*l + 19. Suppose -c - 305 = -l*t, t + 3*t + 5*c - 432 = 0. What is the remainder when t is divided by 26?
25
Let r = -888 + 928. Calculate the remainder when 96 is divided by r.
16
Let w be ((-8)/(-10))/(-9 + 31986/3555). Let t = -284 - w. What is the remainder when 125 is divided by t?
29
Suppose 11*b + 6 = 9*b, -5*b - 59 = -z. Calculate the remainder when -1 + 1754/8 - z/176 is divided by 55.
53
Calculate the remainder when 51/(816/4928) - ((0 - -1) + -3) is divided by 152.
6
Let t be 16/(-28)*(-28)/8. Suppose 4*u - 114 = -t*u. Calculate the remainder when u is divided by 8.
3
Suppose -2*z - 3*z = -695. Calculate the remainder when z is divided by 11*(-6 + -60*17/(-102)).
7
Suppose 3*j - 147 = -2*a, -5*a = 101*j - 96*j - 360. What is the remainder when 2/(-5) + 1434/10 is divided by a?
5
Suppose -2*x - 1015 = -p, 4*p - 5394 = -4*x - 1370. What is the remainder when p 